). Suppose -8 = -t*k + 46. List the prime factors of k.
2, 3
Let s = 7 - 3. Suppose 0 = s*l - 2*q - 4, -4*q = 5*l + 32 - 11. List the prime factors of l + (-1 - 0) - -22.
2, 5
Let k = -1166 - -1745. List the prime factors of k.
3, 193
Suppose -10257 = -7*s - 947. List the prime factors of s.
2, 5, 7, 19
Let d be ((-6)/4)/(-2*3/60). Suppose -d = 5*p, -3*p = 5*s - 2*p - 302. List the prime factors of s.
61
Let l(w) = -4*w**2 + 2*w - 3. Let b be l(-7). Let x = b - -141. List the prime factors of x/2*(-1)/2.
2, 3
Suppose 4*v + 4*v = -400. Let x = 173 + v. What are the prime factors of x?
3, 41
Suppose -3*g + 6*n = 11*n - 1764, -2*n = 4*g - 2338. List the prime factors of g.
11, 53
Suppose 0 = 2*d - 5*d + 21. Let f(a) = a**3 - 5*a**2 - 7*a - 2. What are the prime factors of f(d)?
47
Let o = 6 - 18. Let f = o + 23. Suppose 4*x - 21 = f. List the prime factors of x.
2
Let f = -688 + 2251. What are the prime factors of f?
3, 521
Suppose -3*q + 3 = h, -5*h = 3*q - 0*h - 15. Suppose -3*a = 2*l - 4*a - 215, 3*l - 3*a - 324 = q. List the prime factors of l.
107
Suppose -35 + 5 = -5*i. Let n = i + -9. What are the prime factors of (-145)/(-10)*(5 + n)?
29
Suppose 4 = 3*o + 4*a - 3, -11 = -3*o - 5*a. Let m be (-1 + (-21)/(-9))*o. Let p = 2 - m. What are the prime factors of p?
2, 3
Suppose 3*n = 3*j + 3150, 3*n - 14*j - 3190 = -19*j. List the prime factors of n.
5, 211
Let k be -4 - (3 + -4 - 3). Suppose k = 4*o + 5*w - 17, -o = -4*o - 5*w + 9. What are the prime factors of o?
2
Suppose t + 3*t = 6*t. Let w be (46/6)/(2/30). Suppose t = -4*o - s + w, -3*s - 110 = -3*o + s. What are the prime factors of o?
2, 3, 5
Suppose -4*l - r = -3730, -2*r = -9*l + 13*l - 3728. List the prime factors of l.
3, 311
Let k(h) be the third derivative of h**6/120 + h**5/5 - 5*h**4/6 - 14*h**3/3 + 14*h**2 + 2. What are the prime factors of k(-13)?
3, 7
Let k(m) = -10*m - 6. Let a(f) = -f - 7. Suppose o = 3*n + 8, -3*n + 2*o - 3 = 4. Let c be a(n). List the prime factors of k(c).
2, 17
Suppose -109 = -s + 120. Let d = -157 + s. List the prime factors of d.
2, 3
Let g(t) = 5*t - 4. Let r = 22 - 17. What are the prime factors of g(r)?
3, 7
Let j(w) = -w**2 - 6*w - 5. Let o be j(-5). Let b be (-2)/4 - (174/(-12) + -9). Suppose -2*c + 73 - b = o. What are the prime factors of c?
5
Let x(z) = -z**3 - 9*z**2 - 4*z + 9. Let m be x(-7). Let p be m + -1 - (14 + -16). Let v = p + 95. What are the prime factors of v?
5, 7
Let t(q) = -5*q + 4 + 120*q**2 - 241*q**2 + 135*q**2. Suppose 3*u - 19 = -2*f, u + 0 + 5 = 5*f. List the prime factors of t(f).
2, 5
Let l = 841 - -1106. List the prime factors of l.
3, 11, 59
Suppose 4*j - u - 4096 = 0, -3*j - 1482 + 4567 = -4*u. What are the prime factors of j?
3, 11, 31
Let m = 2904 + -1646. List the prime factors of m.
2, 17, 37
Suppose 0 = b - 6*b + 60. Suppose o + b = 5*o. Suppose -4*l + 56 = 2*k + k, -5*l + 55 = o*k. What are the prime factors of k?
2, 5
Suppose 2*l = -3*l - 2*p + 3775, 3*l = -p + 2265. What are the prime factors of l?
5, 151
Suppose 7*b = -q + 3*b + 599, 3*b + 2415 = 4*q. List the prime factors of q.
3, 67
Let q(b) = 45*b**2 + 9*b - 28. What are the prime factors of q(5)?
2, 571
Suppose 0*w - 1832 = 2*w. List the prime factors of (36/84 - w/(-14))*-4.
2, 5, 13
Let c(a) = -2*a**3 - 3*a**2 - 3*a + 1. Suppose -4 = 4*b, -4*o + 0 - 13 = b. What are the prime factors of c(o)?
37
Let u = -3722 - -6126. What are the prime factors of u?
2, 601
List the prime factors of 0/6 + 0 - (-1 + -254).
3, 5, 17
Let n = 12 + -12. Suppose 0 = -3*c + 3*y + 2*y - 67, n = -c - y - 9. Let k = -10 - c. What are the prime factors of k?
2
Let g(y) = 383*y**2 - 5*y - 3. What are the prime factors of g(1)?
3, 5
Let p(r) = r**2 - 29*r - 129. List the prime factors of p(-28).
3, 163
Let r be (-230)/4 - 2/(-4). Let w = r + 158. List the prime factors of w.
101
Let w = 135 + -126. Suppose -w*f + 974 - 335 = 0. What are the prime factors of f?
71
Suppose 599 = 5*x - 686. Suppose -x = -4*m + 15. What are the prime factors of m?
2, 17
Suppose -5*g + 8*g + 5*s - 1352 = 0, s = -5*g + 2246. What are the prime factors of g?
449
Let u = -264 - -397. List the prime factors of u.
7, 19
Let o(l) = 53*l + 21. What are the prime factors of o(14)?
7, 109
Let p = 3 - 3. Let d = p - -21. What are the prime factors of d?
3, 7
Let c(f) = f**3 - 33*f**2 - 33*f + 2. Let q be c(34). Let n be 4 - 2 - 1*-1. Suppose n*p - 108 = q. List the prime factors of p.
2, 3
List the prime factors of (-5968)/(-14) + (-22)/77.
2, 3, 71
Suppose 6*a - a = 5*s - 35, s = -5*a - 11. Suppose 3*m + s*f + 49 = 2*m, -4*m - f - 121 = 0. Let r = 66 + m. List the prime factors of r.
37
Let h = 32 + -27. Let q(v) = 5*v - 21. Let x be q(h). Suppose -3*s + 228 = s + 3*t, -x*s + 4*t + 200 = 0. What are the prime factors of s?
2, 3
Let b(k) = k**2 - k + 6. List the prime factors of b(5).
2, 13
Let t = 7061 + -4311. List the prime factors of t.
2, 5, 11
Suppose 5*w = 5*k + 4*w - 4478, -2*w = 6. List the prime factors of k.
5, 179
Let h(t) = 84*t - 1. Let l be h(1). Let j = l + 68. List the prime factors of j.
151
Let g = -72 + 76. Suppose g*y = 424 - 116. What are the prime factors of y?
7, 11
What are the prime factors of 1/((-1*6/2154)/(-1))?
359
Let c = 91 + 154. Let w = c - 104. What are the prime factors of w?
3, 47
What are the prime factors of 10/5 + 353 + 1?
2, 89
Suppose -2*w - 4 = -4*w. Suppose 5 = -5*s + 6*s. Suppose -w*p + 128 = s*l + 21, l + 36 = p. List the prime factors of p.
41
Suppose 584 = a + 4*s - s, 2*a - 4*s = 1118. What are the prime factors of a?
569
Suppose -4*y + 1685 = 517. Suppose 2*h = -0*h + y. List the prime factors of h/6 - 6/(-9).
5
What are the prime factors of (-4 - 27/(-6))*418 - -3?
2, 53
Let b be (56/(-21))/((-2)/996*2). Let z = b - 318. List the prime factors of z.
2, 173
Suppose 2*z - 81 = 5*z. List the prime factors of 2174/18 - (48/z)/8.
11
Suppose -11*z - 7380 = -26*z. List the prime factors of z.
2, 3, 41
Let n(v) = 5*v - 3*v**3 + 2 - 1 - 3*v - 2*v**3. What are the prime factors of n(-1)?
2
Suppose 19642 = 18*a - 13550. List the prime factors of a.
2, 461
Suppose 3*t = 7*t - 2148. List the prime factors of t.
3, 179
Let w = 14 - 8. Suppose -7 + w = -m. List the prime factors of 19 + m + (-2 - -4).
2, 11
Let n be -20*5/(25/(-2)). Let x be 12/8*n/6. Suppose -5*m + 36 = 2*h, 2*h + 72 = 6*h - x*m. What are the prime factors of h?
2, 3
Suppose 2*o - v - 86 = 2*v, -4*v = 5*o - 169. Suppose -3 = d, -d + o = -2*q + 7*q. What are the prime factors of q?
2
Let d(i) = 3*i + 10. Let b be d(-6). Let c(r) = -r**3 - 6*r**2 - 4*r + 6. What are the prime factors of c(b)?
2, 83
Let b = -40 - -74. Suppose -2*z = 4*n - 98, -n + b = z - 13. What are the prime factors of z?
3, 5
Let x = -1056 - -2663. What are the prime factors of x?
1607
Suppose 2*x - 68 = 2*g, 3*x = 4*g - 2*x + 135. Let c = -5 - g. List the prime factors of (0 + -1)/((-1)/c).
2, 3, 5
Let s(k) be the first derivative of -k**4/4 - k**3 + 7*k**2 + 8*k - 16. What are the prime factors of s(-7)?
2, 53
Let j be (1 + -3 + 2)/1. Suppose -7*v + 2*v + 195 = j. Let m = v + -11. List the prime factors of m.
2, 7
Let d = -113 + 161. Let z = 102 - d. What are the prime factors of z?
2, 3
Suppose -a = -4*w + 2*w - 1464, -2*a - w + 2923 = 0. What are the prime factors of a?
2, 17, 43
Let r = 43 - 38. Let p(s) = -s**2 - 10*s - 5. Let a be p(-4). Let m = a + r. What are the prime factors of m?
2, 3
Suppose v - 3071 = -t, 5*t - v - 6326 = 9017. What are the prime factors of t?
3, 11, 31
Let g be 1 + (-3 - (7 + -3)). Let a = 11 + g. What are the prime factors of a?
5
Let y(s) = -s**2 + 6*s + 4. Let d be y(4). What are the prime factors of 3/d + (-165)/(-12)?
2, 7
Let v = 24 + 1. Suppose -s - v = -4. Let o = 56 + s. What are the prime factors of o?
5, 7
Let g(a) = 46*a**2 - 20*a + 112. What are the prime factors of g(9)?
2, 31, 59
Let z(g) = g - 5. Let i be z(11). Suppose -i = -28*a + 26*a. Suppose 3*j = 3*u + 23 + 1, -j = -a*u - 4. What are the prime factors of j?
2, 5
Let j(v) = -105*v + 252. List the prime factors of j(-7).
3, 7, 47
Let k(c) = c**2 - c - 1. Let m be k(0). Let t = 124 + -95. What are the prime factors of (2 + -3)/(m/t)?
29
Suppose -878 = -6*o + 622. List the prime factors of o.
2, 5
Let v(z) = 26*z**2 - 27*z + 76. What are 